j - 21. Calculate q(-4).
-457
Let z(f) = 2*f**3 + 59*f**2 + 441*f - 240. What is z(-12)?
-492
Let i(k) = -11*k**3 + 202*k**2 - 52*k - 27. Give i(18).
333
Let a(c) = 536*c + 86909. Give a(-162).
77
Let f(u) = -63443*u + 126895. Determine f(2).
9
Let i(z) = -4*z**2 + 95*z - 956. Give i(11).
-395
Let q(f) = 17738*f - 106661. Calculate q(6).
-233
Let j(q) = 3087*q + 63362. Determine j(-21).
-1465
Let y(w) = 139*w - 3694. Determine y(28).
198
Let j(y) = -5671*y + 73760. Give j(13).
37
Let n(f) = -2*f**2 - 1395*f - 234219. Give n(-416).
-11
Let u(l) = -3250*l**2 + 1169999*l + 353. Calculate u(360).
-7
Let k(q) = q**2 - 2534*q + 2537. Determine k(0).
2537
Let q(p) = -1520*p + 644494. What is q(424)?
14
Let u(c) = 9*c**2 + 3733*c - 1411. Determine u(-415).
-581
Let b(i) = 3*i**2 - 954*i - 50. Give b(318).
-50
Let n(g) = 838*g**2 + 9220*g - 37. Determine n(-11).
-59
Let q(h) = -1505*h - 3351. What is q(-3)?
1164
Let g(n) = n**3 - 35*n**2 - 3401*n + 3299. What is g(-44)?
-1
Let x(r) = 10504*r - 94283. Give x(9).
253
Let t(w) = w**3 - 413*w**2 - 1312*w + 200024. Determine t(415).
-6
Let t(w) = 2*w**3 + 389*w**2 - 2779*w - 105. What is t(7)?
189
Let r(n) = -12*n**3 - 9*n**2 - 12*n - 3. Determine r(1).
-36
Let s(l) = 2*l**3 + 83*l**2 + 173*l + 9041. Give s(-41).
3629
Let k(g) = -2*g**3 - 1074*g**2 - 2543*g - 215605. Calculate k(-535).
0
Let z(u) = -3*u**3 + 85*u**2 + 121*u - 2357. What is z(29)?
-530
Let a(c) = c**3 - 63*c**2 + 431*c + 473. What is a(55)?
-22
Let z(q) = -201*q - 3406. Calculate z(-17).
11
Let c(u) = 260*u + 41125. Determine c(-157).
305
Let b(g) = 27*g**2 + 1278*g - 910. Give b(-48).
-46
Let p(y) = -4*y**3 + 32*y**2 - 195*y + 295. What is p(3)?
-110
Let g(c) = 6740421*c + 128067996. What is g(-19)?
-3
Let b(a) = -144279*a - 144248. Determine b(-1).
31
Let f(a) = 13*a**2 + 188*a - 4650. Determine f(13).
-9
Let j(z) = -7121*z - 170901. Calculate j(-24).
3
Let k(m) = -m**3 + 89*m**2 - 188*m - 293. Determine k(87).
-1511
Let a(l) = -l**3 + 8893*l**2 + 124687*l - 153. Give a(-14).
1
Let i(d) = 10*d**3 - 420*d**2 - 164*d + 256. Give i(-1).
-10
Let i(l) = l**2 - 18*l - 23623. Determine i(163).
12
Let c(d) = 157*d + 4251. Give c(-26).
169
Let i(x) = 4*x**3 + 44*x**2 - 287*x - 759. Determine i(-15).
-54
Let y(h) = 14*h**3 - 13995*h**2 - 4938*h - 61986. Determine y(1000).
14
Let f(q) = 46*q**3 + 58*q**2 - 179*q - 14. What is f(3)?
1213
Let b(l) = -4944*l**3 + 54*l**2 + 49*l - 5. Give b(-1).
4944
Let j(s) = 101*s - 11916. Give j(96).
-2220
Let f(i) = i**2 + 223*i - 45896. Determine f(130).
-6
Let a(r) = 102*r**2 + 79*r - 500. What is a(5)?
2445
Let g(x) = 14*x**3 + 3*x**2 - 96*x - 755. Calculate g(-6).
-3095
Let d(k) = -6*k**3 - 748*k**2 + 3331*k - 3061. Calculate d(-129).
-94
Let m(i) = 5*i**3 + 14*i**2 + 51*i - 11. Calculate m(-5).
-541
Let c(f) = 16806*f - 5260256. Determine c(313).
22
Let z(a) = -394*a - 7519. Give z(-20).
361
Let y(k) = -18*k**2 + 54*k + 430. Determine y(-8).
-1154
Let i(b) = -5*b**2 + 125*b - 153. Determine i(20).
347
Let h(f) = 127*f**2 + 37*f - 140. Give h(4).
2040
Let n(p) = 18598*p + 1748165. Give n(-94).
-47
Let i(n) = -3*n**3 - 332*n**2 + 1746*n - 7. Calculate i(5).
48
Let x(p) = -2*p**3 + 176*p**2 - 84*p - 1284. Calculate x(3).
-6
Let q(l) = 4*l**3 + 422*l**2 - 4541*l - 458891. Determine q(-106).
-17
Let o(d) = 13*d**2 - 1631*d - 4238. Give o(128).
-14
Let k(j) = 29351*j - 58824. Give k(2).
-122
Let a(w) = 1075*w + 263401. Give a(-245).
26
Let o(v) = -v**3 + 7*v**2 + 81*v - 518. Determine o(9).
49
Let l(m) = -100881*m - 101006. Calculate l(-1).
-125
Let o(p) = -937*p + 40341. What is o(43)?
50
Let b(u) = -234*u**2 + 154*u - 8. Determine b(1).
-88
Let t(i) = i**3 + 47*i**2 - 2735*i + 1272. Calculate t(-81).
-267
Let s(u) = -56*u**2 + 7496*u - 14773. Calculate s(2).
-5
Let i(w) = w**3 - 73*w**2 - 2207*w - 206. Give i(96).
-110
Let h(b) = -17*b**2 - 705*b - 4643. Give h(-33).
109
Let o(w) = 2*w**3 - 152*w**2 + 2308*w + 177. Calculate o(55).
67
Let f(d) = 3*d**2 + 67*d + 612. What is f(-32)?
1540
Let m(n) = -n**3 - 310*n**2 + 1923*n + 8415. Determine m(-316).
-117
Let n(h) = -9*h**2 + 2688*h - 10685. What is n(4)?
-77
Let o(v) = 1582*v - 2270. Give o(2).
894
Let i(p) = -p**2 - 2706*p - 13511. Determine i(-5).
-6
Let h(j) = -11756*j - 188061. Determine h(-16).
35
Let i(t) = 4*t**3 - 9*t**2 - 9328*t - 45932. Calculate i(-5).
-17
Let z(g) = g**3 - 268*g**2 - 604*g + 232501. Determine z(267).
-56
Let m(o) = 27366*o - 218824. Give m(8).
104
Let b(n) = 3*n**3 - 59*n**2 - 850*n - 1971. What is b(-3)?
-33
Let v(z) = 4*z**2 - 27238*z - 930724. Give v(-34).
-8
Let y(i) = 131*i - 25355. Calculate y(207).
1762
Let a(m) = -183353*m - 1100122. What is a(-6)?
-4
Let f(d) = 2*d**2 + 11210*d + 67311. What is f(-6)?
123
Let b(f) = 8199*f + 262364. What is b(-32)?
-4
Let s(h) = 923*h + 6551. Calculate s(-7).
90
Let d(f) = -12399*f - 260569. Calculate d(-21).
-190
Let r(c) = -223*c + 3981. What is r(13)?
1082
Let u(y) = 7*y**3 + 208*y**2 - 42*y - 138. Give u(-30).
-678
Let u(q) = q**2 + 225*q + 11990. Calculate u(-90).
-160
Let r(j) = 1023*j - 26732. Calculate r(26).
-134
Let t(s) = -s**3 + 107*s**2 + 434*s + 1219. Give t(111).
109
Let i(h) = -82*h**2 + 8094*h + 2385. Calculate i(99).
9
Let b(i) = -9*i**3 + 100*i**2 + 1120*i + 1851. Give b(-2).
83
Let i(f) = 2*f**2 - 158*f - 500. Determine i(77).
-808
Let i(n) = -12016*n - 696934. What is i(-58)?
-6
Let v(x) = x**3 - 197*x**2 - 812*x + 82605. What is v(199)?
219
Let a(f) = -6*f**3 + 2*f**2 + 19*f - 43. What is a(4)?
-319
Let r(n) = n**3 - 26*n**2 + 44*n + 94. Give r(8).
-706
Let q(j) = 131*j**2 + 578*j + 7. Calculate q(-4).
-209
Let i(n) = -926*n**3 + 145*n**2 - 132*n - 11. Determine i(1).
-924
Let q(n) = n**2 - 83*n - 2971. Determine q(115).
709
Let a(u) = 209881*u - 629644. Give a(3).
-1
Let f(r) = -r**3 + 319*r**2 - 1244*r - 137. What is f(315)?
4903
Let o(y) = -71*y**2 - 13249*y - 13249. What is o(-1)?
-71
Let z(c) = c**3 + 75*c**2 + 78*c - 1104. Determine z(-74).
-1400
Let c(m) = -6*m**3 - 85*m**2 - 108*m - 115. Calculate c(-13).
106
Let j(g) = 6*g**2 + 3277*g + 10271. Determine j(-543).
-46
Let g(q) = -q**3 - 16*q**2 + 238*q - 611. Give g(6).
25
Let o(y) = y**2 - 285*y + 12241. Determine o(214).
-2953
Let y(h) = 714*h**2 - 56*h - 92. Determine y(-2).
2876
Let g(d) = 72547*d - 798103. Calculate g(11).
-86
Let u(j) = -3*j**2 + 88*j + 8. Determine u(2).
172
Let l(v) = -8*v**2 + 3793*v + 1385466. What is l(716)?
6
Let b(w) = 560*w + 92370. What is b(-165)?
-30
Let u(n) = 74*n**2 - 4450*n + 553. Give u(60).
-47
Let m(h) = 37*h**2 + 183*h + 332. What is m(-4)?
192
Let l(d) = -106466*d - 958177. Give l(-9).
17
Let p(n) = -90*n**2 + 15589*n - 34023. What is p(171)?
6
Let s(g) = -6*g**3 - 149*g**2 - 13*g + 115. Give s(-25).
1065
Let u(l) = -1337*l + 18096. Determine u(14).
-622
Let l(x) = -118*x**2 + 154*x + 650. Determine l(-5).
-3070
Let c(j) = -733*j + 2112. Give c(6).
-2286
Let t(b) = b**2 - 80*b + 803. What is t(33)?
-748
Let f(j) = -102*j - 4375. Give f(-41).
-193
Let v(j) = 334*j**2 + 8741*j + 1184. Determine v(-26).
-298
Let k(m) = -5*m**2 - 1030*m - 17857. Give k(-187).
-92
Let a(d) = 248*d**3 - 413*d**2 - 11*d - 1. Give a(2).
309
Let r(n) = 5219*n + 417402. Give r(-80).
-118
Let y(c) = c**3 - 40*c**2 - 323*c + 1126. What is y(46)?
-1036
Let s(r) = -1849*r + 17888. Determine s(10).
-602
Let i(h) = 325*h - 9852. Determine i(30).
-102
Let x(d) = d**2 - 100*d - 25026. What is x(220)?
1374
Let b(f) = 48*f - 3725. What is b(78)?
19
Let y(z) = 2*z**2 - 1979*z - 28151. Determine y(-14).
-53
Let w(t) = 108*t**2 - 363*t + 3. What is w(5)?
888
Let n(t) = -5*t**2 + 142*t - 1142. Give n(11).
-185
Let z(x) = 253*x**2 + 54898*x - 855. Determine z(-217).
-204
Let q(g) = 12699*g - 965179. Give q(76).
-55
Let d(v) = 5284*v + 113. Determine d(0).
113
Let m(d) = d**3 + 41*d**2 - 241*d + 63. Calculate m(5).
8
Let y(c) = c**3 + 417*c**2 - 10140*c - 8807. Give y(-440).
-7
Let r(y) = 164*y - 5096. Determine r(34).
480
Let w(a) = 5*a - 3404. Give w(110).
-2854
Let g(u) = u**2 + 9279*u - 1818467. Give g(192).
-35
Let d(b) = 2101*b + 455917. Calculate d(-217).
0
Let r(d) = 109864*d - 4504446. Give r(41).
-22
Let m(n) = -2995*n + 188. Give m(0).
188
Let b(r) = -3605*r - 169404. Determine b(-47).
31
Let p(c) = 